{"id":121,"date":"2023-11-09T09:22:12","date_gmt":"2023-11-09T12:22:12","guid":{"rendered":"https:\/\/pedreirogoiania.com.br\/?page_id=121"},"modified":"2023-11-12T19:59:34","modified_gmt":"2023-11-12T22:59:34","slug":"assentamento-piso-porcelanato-goiania","status":"publish","type":"page","link":"https:\/\/pedreirogoiania.com.br\/index.php\/assentamento-piso-porcelanato-goiania\/","title":{"rendered":"Oferecemos Acentamento de pisos e porcelanato"},"content":{"rendered":"<div class=\"vce-row-container\" data-vce-boxed-width=\"true\"><div class=\"vce-row vce-row--col-gap-30 vce-row-equal-height vce-row-content--top\" id=\"el-052ce1ff\" data-vce-do-apply=\"all el-052ce1ff\"><div class=\"vce-row-content\" data-vce-element-content=\"true\"><div class=\"vce-col vce-col--md-auto vce-col--xs-1 vce-col--xs-last vce-col--xs-first vce-col--sm-last vce-col--sm-first vce-col--md-first vce-col--lg-first vce-col--xl-first\" id=\"el-455137a1\"><div class=\"vce-col-inner\" data-vce-do-apply=\"border margin background  el-455137a1\"><div class=\"vce-col-content\" data-vce-element-content=\"true\" data-vce-do-apply=\"padding el-455137a1\"><div class=\"vce-image-gallery vce-image-gallery--gap-10 vce-image-gallery--columns-3\"><div class=\"vce-image-gallery-wrapper vce\" id=\"el-3516c666\" data-vce-do-apply=\"all el-3516c666\"><div class=\"vce-image-gallery-list\"><div class=\"vce-image-gallery-item\"><figure class=\"vce-image-gallery-item-inner-wrapper\"><a href=\"https:\/\/pedreirogoiania.com.br\/wp-content\/uploads\/2023\/11\/piso1-goiania.png\" data-lightbox=\"lightbox-3516c666\" class=\"vce-image-gallery-item-inner\"><img decoding=\"async\" class=\"vce-image-gallery-img\" src=\"https:\/\/pedreirogoiania.com.br\/wp-content\/uploads\/2023\/11\/piso1-goiania.png\" alt=\"\" title=\"piso1 goiania\"><\/a><\/figure><\/div><div class=\"vce-image-gallery-item\"><figure class=\"vce-image-gallery-item-inner-wrapper\"><a href=\"https:\/\/pedreirogoiania.com.br\/wp-content\/uploads\/2023\/11\/piso2.png\" data-lightbox=\"lightbox-3516c666\" class=\"vce-image-gallery-item-inner\"><img decoding=\"async\" class=\"vce-image-gallery-img\" src=\"https:\/\/pedreirogoiania.com.br\/wp-content\/uploads\/2023\/11\/piso2.png\" alt=\"\" title=\"piso2\"><\/a><\/figure><\/div><div class=\"vce-image-gallery-item\"><figure class=\"vce-image-gallery-item-inner-wrapper\"><a href=\"https:\/\/pedreirogoiania.com.br\/wp-content\/uploads\/2023\/11\/piso03.png\" data-lightbox=\"lightbox-3516c666\" class=\"vce-image-gallery-item-inner\"><img decoding=\"async\" class=\"vce-image-gallery-img\" src=\"https:\/\/pedreirogoiania.com.br\/wp-content\/uploads\/2023\/11\/piso03.png\" alt=\"\" title=\"piso03\"><\/a><\/figure><\/div><div class=\"vce-image-gallery-item\"><figure class=\"vce-image-gallery-item-inner-wrapper\"><a href=\"https:\/\/pedreirogoiania.com.br\/wp-content\/uploads\/2023\/11\/niveladores.png\" data-lightbox=\"lightbox-3516c666\" class=\"vce-image-gallery-item-inner\"><img decoding=\"async\" class=\"vce-image-gallery-img\" src=\"https:\/\/pedreirogoiania.com.br\/wp-content\/uploads\/2023\/11\/niveladores.png\" alt=\"\" title=\"niveladores\"><\/a><\/figure><\/div><div class=\"vce-image-gallery-item\"><figure class=\"vce-image-gallery-item-inner-wrapper\"><a href=\"https:\/\/pedreirogoiania.com.br\/wp-content\/uploads\/2023\/11\/rejuntamento.png\" data-lightbox=\"lightbox-3516c666\" class=\"vce-image-gallery-item-inner\"><img decoding=\"async\" class=\"vce-image-gallery-img\" src=\"https:\/\/pedreirogoiania.com.br\/wp-content\/uploads\/2023\/11\/rejuntamento.png\" alt=\"\" title=\"rejuntamento\"><\/a><\/figure><\/div><\/div><\/div><\/div><div class=\"vce-button--style-basic-container vce-button--style-basic-container--align-left\"><span class=\"vce-button--style-basic-wrapper vce\" id=\"el-75799b6e\" data-vce-do-apply=\"margin el-75799b6e\"><a class=\"vce-button vce-button--style-basic vce-button--style-basic--border-rounded vce-button--style-basic--size-medium vce-button--style-basic--color-557cbf--fff\" href=\"https:\/\/web.whatsapp.com\/send?phone=5562993666205&amp;text=preciso+de+um+orcamento+de+assentamento+de+piso+,+vim+pelo+site.\" title=\"\" data-vce-do-apply=\"padding border background  el-75799b6e\">Pedir um or\u00e7amento via WhatssApp agora<\/a><\/span><\/div><\/div><\/div><\/div><div class=\"vce-col vce-col--md-auto vce-col--xs-1 vce-col--xs-last vce-col--xs-first vce-col--sm-last vce-col--sm-first vce-col--md-last vce-col--lg-last vce-col--xl-last\" id=\"el-2eae8332\"><div class=\"vce-col-inner\" data-vce-do-apply=\"border margin background  el-2eae8332\"><div class=\"vce-col-content\" data-vce-element-content=\"true\" data-vce-do-apply=\"padding el-2eae8332\"><div class=\"vce-text-block\"><div class=\"vce-text-block-wrapper vce\" id=\"el-2253d9ef\" data-vce-do-apply=\"all el-2253d9ef\"><h2>Assentamento de pisos e porcelanato em Goi\u00e2nia \u00e9 a com a Hudson Reformas.<\/h2><p>Est\u00e1 precisando construir ou reformar o ch\u00e3o da sua casa? contate a gente para fazer o seu or\u00e7amento de assentamento de pisos e porcelanatos diversificados, <strong>Atendimento em toda Goi\u00e2nia e regi\u00e3o metropolitana<\/strong>, estamos aguardando seu contato.<\/p><p>Assentamento de soleiras, e pedras e revestimentos.<br>Niveladores s\u00e3o indispens\u00e1veis na aplica\u00e7\u00e3o de novas superf\u00edcies, eles<strong> garantem o alinhamento<\/strong> faceamento de uma pe\u00e7a com a outra, e uma boa <strong>aplica\u00e7\u00e3o de rejunte \u00e9 o que garante a n\u00e3o infiltra\u00e7\u00e3o<\/strong> e o manchamento desse piso novo.<\/p><p>Um bom assentamento de piso envolve um local limpo, sem resqu\u00edcios de \u00f3leo, impurezas no solo, e devem estar livre de poeira e detritos de obra, nivelamentos apropriados devem ser feitos antes da aplica\u00e7\u00e3o da massa, alguns pisos podem ser assentados em cima de outros j\u00e1 existentes.<\/p><\/div><\/div><\/div><\/div><\/div><\/div><\/div><\/div>\n","protected":false},"excerpt":{"rendered":"<p>Pedir um or\u00e7amento via WhatssApp agoraAssentamento de pisos e porcelanato em Goi\u00e2nia \u00e9 a com a Hudson Reformas.Est\u00e1 precisando construir ou reformar o ch\u00e3o da sua casa? contate a gente para fazer o seu or\u00e7amento de assentamento de pisos e porcelanatos diversificados, Atendimento em toda Goi\u00e2nia e regi\u00e3o metropolitana, estamos aguardando seu contato.Assentamento de soleiras, [&hellip;]<\/p>\n","protected":false},"author":1,"featured_media":0,"parent":0,"menu_order":0,"comment_status":"closed","ping_status":"closed","template":"","meta":{"inline_featured_image":false,"footnotes":""},"aioseo_notices":[],"_links":{"self":[{"href":"https:\/\/pedreirogoiania.com.br\/index.php\/wp-json\/wp\/v2\/pages\/121"}],"collection":[{"href":"https:\/\/pedreirogoiania.com.br\/index.php\/wp-json\/wp\/v2\/pages"}],"about":[{"href":"https:\/\/pedreirogoiania.com.br\/index.php\/wp-json\/wp\/v2\/types\/page"}],"author":[{"embeddable":true,"href":"https:\/\/pedreirogoiania.com.br\/index.php\/wp-json\/wp\/v2\/users\/1"}],"replies":[{"embeddable":true,"href":"https:\/\/pedreirogoiania.com.br\/index.php\/wp-json\/wp\/v2\/comments?post=121"}],"version-history":[{"count":7,"href":"https:\/\/pedreirogoiania.com.br\/index.php\/wp-json\/wp\/v2\/pages\/121\/revisions"}],"predecessor-version":[{"id":137,"href":"https:\/\/pedreirogoiania.com.br\/index.php\/wp-json\/wp\/v2\/pages\/121\/revisions\/137"}],"wp:attachment":[{"href":"https:\/\/pedreirogoiania.com.br\/index.php\/wp-json\/wp\/v2\/media?parent=121"}],"curies":[{"name":"wp","href":"https:\/\/api.w.org\/{rel}","templated":true}]}}